{"id":6977,"date":"2024-07-08T20:23:29","date_gmt":"2024-07-08T20:23:29","guid":{"rendered":"https:\/\/revuepostures.uqam.ca\/?page_id=6977"},"modified":"2026-03-06T21:48:08","modified_gmt":"2026-03-06T21:48:08","slug":"presentation","status":"publish","type":"page","link":"https:\/\/revuepostures.uqam.ca\/?page_id=6977","title":{"rendered":"\u00c0 propos"},"content":{"rendered":"\n<p><em>Postures<\/em>\u00a0est la revue de recherche litt\u00e9raire des \u00e9tudiant\u00b7e\u00b7s du D\u00e9partement d\u2019\u00e9tudes litt\u00e9raires de l\u2019UQAM depuis 1996. Son mandat est d&rsquo;offrir un espace de publication scientifique aux travaux \u00e9crits par des \u00e9tudiant\u00b7e\u00b7s ou des chercheur\u00b7e\u00b7s ind\u00e9pendant\u00b7e\u00b7s. Elle assure la promotion et la diffusion d&rsquo;articles, de critiques et d&rsquo;essais dont la base est th\u00e9orique ou critique.<\/p>\n\n\n\n<p>Constituant un lieu de r\u00e9flexion rigoureux et fertile,&nbsp;<em>Postures<\/em>&nbsp;permet une participation \u00e9tudiante active \u00e0 la vie intellectuelle du milieu litt\u00e9raire. La publication de cette revue est rendue possible gr\u00e2ce au soutien financier et \u00e0 l\u2019encouragement constant des associations \u00e9tudiantes (l\u2019AECSEL et l\u2019AF\u00c9A) et du D\u00e9partement d\u2019\u00e9tudes litt\u00e9raires. De 2008 \u00e0 2024,&nbsp;<em>Postures<\/em>&nbsp;a \u00e9t\u00e9 affili\u00e9e \u00e0 Figura, Centre de recherche sur les th\u00e9ories et les pratiques de l\u2019imaginaire. La participation au comit\u00e9 scientifique de&nbsp;<em>Postures<\/em>&nbsp;offre une exp\u00e9rience enrichissante du milieu de l\u2019\u00e9dition.<\/p>\n\n\n\n<h4 class=\"wp-block-heading\">\u00c9quipe<\/h4>\n\n\n\n<p><strong>Directrice<\/strong><br>Catrina Grenier<\/p>\n\n\n\n<p><strong>Co-r\u00e9dacteur<\/strong>\u00b7<strong>rice<\/strong>\u00b7<strong>s en chef<\/strong><br>Violette Drouin et \u00c9douard Gagn\u00e9<\/p>\n\n\n\n<p><strong>Responsable des finances<\/strong><br>L\u00e9a Beauchemin-Laporte<\/p>\n\n\n\n<p><strong>Responsable des communications<\/strong><br>Jennie Lamanque<\/p>\n\n\n\n<p><strong>Graphiste<\/strong><br>\u00c8ve-Marie B\u00e9gin<\/p>\n\n\n\n<p><strong>Cr\u00e9ation du nouveau site web<\/strong> (2024)<br>Elaine Despr\u00e9s<\/p>\n\n\n\n<h4 class=\"wp-block-heading\">Coordonn\u00e9es<\/h4>\n\n\n\n<p>Adresse postale :<\/p>\n\n\n\n<p>Revue de critique litt\u00e9raire <em>Postures<\/em><br>Case postale 8888<br>succ. Centre-ville local J-4205<br>Montr\u00e9al Qu\u00e9bec<br>H3C 3P8<\/p>\n\n\n\n<p><strong>Adresse \u00e9lectronique<\/strong><br>postures.uqam@gmail.com&nbsp;<\/p>\n","protected":false},"excerpt":{"rendered":"<p>Postures\u00a0est la revue de recherche litt\u00e9raire des \u00e9tudiant\u00b7e\u00b7s du D\u00e9partement d\u2019\u00e9tudes litt\u00e9raires de l\u2019UQAM depuis 1996. Son mandat est d&rsquo;offrir un espace de publication scientifique aux travaux \u00e9crits par des \u00e9tudiant\u00b7e\u00b7s ou des chercheur\u00b7e\u00b7s ind\u00e9pendant\u00b7e\u00b7s. Elle assure la promotion et la diffusion d&rsquo;articles, de critiques et d&rsquo;essais dont la base est th\u00e9orique ou critique. Constituant [&hellip;]<\/p>\n","protected":false},"author":4,"featured_media":0,"parent":0,"menu_order":0,"comment_status":"closed","ping_status":"closed","template":"","meta":{"_coblocks_attr":"","_coblocks_dimensions":"","_coblocks_responsive_height":"","_coblocks_accordion_ie_support":"","_themeisle_gutenberg_block_has_review":false,"footnotes":""},"class_list":["post-6977","page","type-page","status-publish","hentry"],"_links":{"self":[{"href":"https:\/\/revuepostures.uqam.ca\/index.php?rest_route=\/wp\/v2\/pages\/6977","targetHints":{"allow":["GET"]}}],"collection":[{"href":"https:\/\/revuepostures.uqam.ca\/index.php?rest_route=\/wp\/v2\/pages"}],"about":[{"href":"https:\/\/revuepostures.uqam.ca\/index.php?rest_route=\/wp\/v2\/types\/page"}],"author":[{"embeddable":true,"href":"https:\/\/revuepostures.uqam.ca\/index.php?rest_route=\/wp\/v2\/users\/4"}],"replies":[{"embeddable":true,"href":"https:\/\/revuepostures.uqam.ca\/index.php?rest_route=%2Fwp%2Fv2%2Fcomments&post=6977"}],"version-history":[{"count":14,"href":"https:\/\/revuepostures.uqam.ca\/index.php?rest_route=\/wp\/v2\/pages\/6977\/revisions"}],"predecessor-version":[{"id":10084,"href":"https:\/\/revuepostures.uqam.ca\/index.php?rest_route=\/wp\/v2\/pages\/6977\/revisions\/10084"}],"wp:attachment":[{"href":"https:\/\/revuepostures.uqam.ca\/index.php?rest_route=%2Fwp%2Fv2%2Fmedia&parent=6977"}],"curies":[{"name":"wp","href":"https:\/\/api.w.org\/{rel}","templated":true}]}}